{"id":160,"date":"2024-01-21T22:09:21","date_gmt":"2024-01-21T22:09:21","guid":{"rendered":"http:\/\/atlasisguvenligi.com\/?post_type=product&#038;p=160"},"modified":"2024-03-18T08:02:41","modified_gmt":"2024-03-18T08:02:41","slug":"besguard-drina-is-ayakkabisi-s3","status":"publish","type":"product","link":"https:\/\/atlasisguvenligi.com\/?product=besguard-drina-is-ayakkabisi-s3","title":{"rendered":"Bestguard Drina Elektrik\u00e7i \u0130\u015f Ayakkab\u0131s\u0131 s3"},"content":{"rendered":"<p>Bestguard Drina Elektrik\u00e7i \u0130\u015f Ayakkab\u0131s\u0131 S3<\/p>\n<p>Kompozit Burun Kompozit Kevler Ara Taban<\/p>\n<p>1,8 &#8211; 2 mm cilt deri suya dayan\u0131kl\u0131 nefes alabilen saya<\/p>\n<p>\u00d6rg\u00fc sistemiyle \u00fcretilmi\u015f, koku \u00f6nleyici ve ter emici tekstil astar<\/p>\n<p>\u00c7\u0131kart\u0131labilir, y\u0131kanabilir mostra<\/p>\n<p>\u00c7ift densite enjeksiyon y\u00f6ntemi sayesinde ekstra dayan\u0131kl\u0131 taban<\/p>\n<p>200 J darbe emici burun koruma ve \u015fok emici topuk<\/p>\n<p>Antistatik taban \u00f6zelli\u011fi<\/p>\n<p>Kompozit burun ve kevlar ara taban<\/p>\n<p>Ergonomik ve konforlu i\u015f ayakkab\u0131s\u0131<\/p>\n<p>EN ISO 20345 : 2011<\/p>\n","protected":false},"excerpt":{"rendered":"<p>Bestguard Drina Elektrik\u00e7i \u0130\u015f Ayakkab\u0131s\u0131 S3 Kompozit Burun Kompozit Kevler Ara Taban 1,8 &#8211; 2 mm cilt deri suya dayan\u0131kl\u0131 nefes alabilen saya \u00d6rg\u00fc sistemiyle \u00fcretilmi\u015f, koku \u00f6nleyici ve ter emici tekstil astar \u00c7\u0131kart\u0131labilir, y\u0131kanabilir mostra \u00c7ift densite enjeksiyon y\u00f6ntemi sayesinde ekstra dayan\u0131kl\u0131 taban 200 J darbe emici burun koruma ve \u015fok emici topuk Antistatik&#8230;<\/p>\n","protected":false},"featured_media":161,"comment_status":"open","ping_status":"closed","template":"","meta":{"_kad_post_transparent":"default","_kad_post_title":"","_kad_post_layout":"default","_kad_post_sidebar_id":"","_kad_post_content_style":"default","_kad_post_vertical_padding":"default","_kad_post_feature":"","_kad_post_feature_position":"","_kad_post_header":false,"_kad_post_footer":false},"product_cat":[20],"product_tag":[],"class_list":{"0":"post-160","1":"product","2":"type-product","3":"status-publish","4":"has-post-thumbnail","6":"product_cat-ayak-koruma","8":"first","9":"instock","10":"taxable","11":"shipping-taxable","12":"product-type-simple","13":"entry","14":"content-bg","15":"loop-entry"},"_links":{"self":[{"href":"https:\/\/atlasisguvenligi.com\/index.php?rest_route=\/wp\/v2\/product\/160","targetHints":{"allow":["GET"]}}],"collection":[{"href":"https:\/\/atlasisguvenligi.com\/index.php?rest_route=\/wp\/v2\/product"}],"about":[{"href":"https:\/\/atlasisguvenligi.com\/index.php?rest_route=\/wp\/v2\/types\/product"}],"replies":[{"embeddable":true,"href":"https:\/\/atlasisguvenligi.com\/index.php?rest_route=%2Fwp%2Fv2%2Fcomments&post=160"}],"wp:featuredmedia":[{"embeddable":true,"href":"https:\/\/atlasisguvenligi.com\/index.php?rest_route=\/wp\/v2\/media\/161"}],"wp:attachment":[{"href":"https:\/\/atlasisguvenligi.com\/index.php?rest_route=%2Fwp%2Fv2%2Fmedia&parent=160"}],"wp:term":[{"taxonomy":"product_cat","embeddable":true,"href":"https:\/\/atlasisguvenligi.com\/index.php?rest_route=%2Fwp%2Fv2%2Fproduct_cat&post=160"},{"taxonomy":"product_tag","embeddable":true,"href":"https:\/\/atlasisguvenligi.com\/index.php?rest_route=%2Fwp%2Fv2%2Fproduct_tag&post=160"}],"curies":[{"name":"wp","href":"https:\/\/api.w.org\/{rel}","templated":true}]}}