{"id":471,"date":"2024-03-14T16:06:53","date_gmt":"2024-03-14T16:06:53","guid":{"rendered":"http:\/\/atlasisguvenligi.com\/?post_type=product&#038;p=471"},"modified":"2024-05-21T19:55:42","modified_gmt":"2024-05-21T19:55:42","slug":"toz-maskesi","status":"publish","type":"product","link":"https:\/\/atlasisguvenligi.com\/?product=toz-maskesi","title":{"rendered":"BM 02 FFP1 Ventilli Toz Maskesi"},"content":{"rendered":"<p>BLN FFP1 V TOZ\u00a0 MASKES\u0130<\/p>\n<div class=\"woocommerce-product-details__short-description\">\n<p><strong class=\"x-el x-el-span c1-18 c1-19 c1-b c1-2c c1-1n c1-66 c1-8p\">BM 02 FFP1 NR<\/strong>\u00a0Aktif Form Konik Filtreli toz Maskesi maskesi Kat\u0131 ve\/veya U\u00e7ucu olmayan s\u0131v\u0131 par\u00e7ac\u0131klara (toz, sis, duman) solum yollar\u0131n\u0131 korumaya yarar. Konik \u015fekli, Aktif formu sayesinde otomatik olarak y\u00fcze uyum sa\u011flar, Kullan\u0131c\u0131n\u0131n rahatl\u0131\u011f\u0131 i\u00e7in burun ile filtre malzemesi aras\u0131nda yumu\u015fak astar bulunmaktad\u0131r. Ayr\u0131ca maskede iki elastik sa\u00e7 band\u0131 ve s\u0131zd\u0131rmaz burunluk bulunmaktad\u0131r. Kullan\u0131m s\u0131ras\u0131nda olu\u015fan nem ve CO2, maskede bulunan ventil sayesinde solunum direncini artt\u0131rmadan tahliye edilir.<\/p>\n<\/div>\n","protected":false},"excerpt":{"rendered":"<p>BLN FFP1 V TOZ\u00a0 MASKES\u0130 BM 02 FFP1 NR\u00a0Aktif Form Konik Filtreli toz Maskesi maskesi Kat\u0131 ve\/veya U\u00e7ucu olmayan s\u0131v\u0131 par\u00e7ac\u0131klara (toz, sis, duman) solum yollar\u0131n\u0131 korumaya yarar. Konik \u015fekli, Aktif formu sayesinde otomatik olarak y\u00fcze uyum sa\u011flar, Kullan\u0131c\u0131n\u0131n rahatl\u0131\u011f\u0131 i\u00e7in burun ile filtre malzemesi aras\u0131nda yumu\u015fak astar bulunmaktad\u0131r. Ayr\u0131ca maskede iki elastik sa\u00e7 band\u0131&#8230;<\/p>\n","protected":false},"featured_media":472,"comment_status":"open","ping_status":"closed","template":"","meta":{"_kad_post_transparent":"default","_kad_post_title":"","_kad_post_layout":"default","_kad_post_sidebar_id":"","_kad_post_content_style":"default","_kad_post_vertical_padding":"default","_kad_post_feature":"","_kad_post_feature_position":"","_kad_post_header":false,"_kad_post_footer":false},"product_cat":[16],"product_tag":[],"class_list":{"0":"post-471","1":"product","2":"type-product","3":"status-publish","4":"has-post-thumbnail","6":"product_cat-maske","8":"first","9":"instock","10":"taxable","11":"shipping-taxable","12":"product-type-simple","13":"entry","14":"content-bg","15":"loop-entry"},"_links":{"self":[{"href":"https:\/\/atlasisguvenligi.com\/index.php?rest_route=\/wp\/v2\/product\/471","targetHints":{"allow":["GET"]}}],"collection":[{"href":"https:\/\/atlasisguvenligi.com\/index.php?rest_route=\/wp\/v2\/product"}],"about":[{"href":"https:\/\/atlasisguvenligi.com\/index.php?rest_route=\/wp\/v2\/types\/product"}],"replies":[{"embeddable":true,"href":"https:\/\/atlasisguvenligi.com\/index.php?rest_route=%2Fwp%2Fv2%2Fcomments&post=471"}],"wp:featuredmedia":[{"embeddable":true,"href":"https:\/\/atlasisguvenligi.com\/index.php?rest_route=\/wp\/v2\/media\/472"}],"wp:attachment":[{"href":"https:\/\/atlasisguvenligi.com\/index.php?rest_route=%2Fwp%2Fv2%2Fmedia&parent=471"}],"wp:term":[{"taxonomy":"product_cat","embeddable":true,"href":"https:\/\/atlasisguvenligi.com\/index.php?rest_route=%2Fwp%2Fv2%2Fproduct_cat&post=471"},{"taxonomy":"product_tag","embeddable":true,"href":"https:\/\/atlasisguvenligi.com\/index.php?rest_route=%2Fwp%2Fv2%2Fproduct_tag&post=471"}],"curies":[{"name":"wp","href":"https:\/\/api.w.org\/{rel}","templated":true}]}}